site?
True
Is 9293 composite?
False
Is 280369 prime?
False
Is 173987 prime?
False
Is 111647 a prime number?
False
Is 36427 a prime number?
False
Is 119359 composite?
False
Is 82279 a prime number?
True
Is 29485 prime?
False
Is 446973 a prime number?
False
Is 2863 prime?
False
Is 346739 a prime number?
True
Is 407599 a composite number?
False
Is 139423 a prime number?
True
Is 176905 prime?
False
Is 19847 prime?
False
Is 119683 a composite number?
True
Is 4091 composite?
False
Is 52711 composite?
False
Is 486601 a prime number?
True
Is 187027 prime?
True
Is 4757 a prime number?
False
Is 959 a prime number?
False
Is 1847 a prime number?
True
Is 232729 prime?
False
Is 31157 a composite number?
True
Is 6238 prime?
False
Is 20849 composite?
False
Is 41991 a prime number?
False
Is 635261 prime?
False
Is 5721 prime?
False
Is 10057 composite?
True
Is 2743 prime?
False
Is 499 composite?
False
Is 9719 prime?
True
Is 972847 composite?
False
Is 61627 composite?
False
Is 17849 composite?
True
Is 2361 a prime number?
False
Is 4181 composite?
True
Is 24599 composite?
True
Is 888721 a composite number?
False
Is 9611 a prime number?
False
Is 19715 a composite number?
True
Is 521011 a composite number?
True
Is 161303 prime?
True
Is 9601 a prime number?
True
Is 110419 composite?
False
Is 501565 a composite number?
True
Is 1261 a composite number?
True
Is 1791215 a prime number?
False
Is 1168619 a composite number?
False
Is 68993 prime?
True
Is 8714 prime?
False
Is 894802 composite?
True
Is 114067 a prime number?
True
Is 31769 composite?
False
Is 90749 composite?
False
Is 434509 prime?
True
Is 8081 prime?
True
Is 11177 a composite number?
False
Is 14281 prime?
True
Is 643583 prime?
True
Is 2230301 a prime number?
True
Is 16945 a composite number?
True
Is 160051 a composite number?
True
Is 38195 composite?
True
Is 36191 prime?
True
Is 32519 prime?
False
Is 13801 prime?
False
Is 71241 a prime number?
False
Is 9803 a prime number?
True
Is 7063 prime?
False
Is 48437 prime?
True
Is 78947 composite?
True
Is 7639 prime?
True
Is 95869 a composite number?
False
Is 33191 prime?
True
Is 21059 prime?
True
Is 21677 a prime number?
False
Is 10483 a composite number?
True
Is 473089 a prime number?
True
Is 223 composite?
False
Is 241589 a composite number?
False
Is 34297 prime?
True
Is 94181 composite?
True
Is 365 a prime number?
False
Is 337749 prime?
False
Is 4769 prime?
False
Is 39607 prime?
True
Is 48109 a prime number?
True
Is 112741 a composite number?
False
Is 4889 a prime number?
True
Is 54109 a prime number?
False
Is 23137 a composite number?
True
Is 112279 prime?
True
Is 21661 prime?
True
Is 771961 a prime number?
True
Is 10471 prime?
False
Is 771 a composite number?
True
Is 254549 prime?
False
Is 989623 a prime number?
True
Is 632127 prime?
False
Is 66731 a prime number?
False
Is 67667 a prime number?
False
Is 282847 composite?
False
Is 280087 composite?
True
Is 2281973 prime?
True
Is 12883 a prime number?
False
Is 33767 composite?
False
Is 882431 composite?
True
Is 40987 prime?
False
Is 7531 a prime number?
False
Is 64867 a composite number?
True
Is 918817 a composite number?
True
Is 20779 composite?
True
Is 692997 a composite number?
True
Is 395971 composite?
False
Is 27791 prime?
True
Is 14591 prime?
True
Is 553 composite?
True
Is 20365 a prime number?
False
Is 57943 a prime number?
True
Is 781 prime?
False
Is 873521 a prime number?
False
Is 3007 a composite number?
True
Is 5515 a composite number?
True
Is 136273 composite?
False
Is 3973 a prime number?
False
Is 129227 a composite number?
True
Is 5971 a prime number?
False
Is 6031 a composite number?
True
Is 193369 a composite number?
True
Is 20949 composite?
True
Is 853 composite?
False
Is 2879 a prime number?
True
Is 212981 composite?
False
Is 771478 a prime number?
False
Is 34403 a composite number?
False
Is 538703 a composite number?
True
Is 16781 composite?
True
Is 686087 composite?
False
Is 191 prime?
True
Is 4414507 composite?
True
Is 2153 prime?
True
Is 168379 a prime number?
False
Is 27733 a prime number?
True
Is 25607 composite?
True
Is 8743 a prime number?
False
Is 350569 a prime number?
False
Is 35 a composite number?
True
Is 274585 a composite number?
True
Is 262427 composite?
True
Is 5581 a composite number?
False
Is 6619 prime?
True
Is 558731 a composite number?
False
Is 4547 a prime number?
True
Is 686293 composite?
False
Is 27043 composite?
False
Is 7978 prime?
False
Is 319457 composite?
True
Is 39407 prime?
False
Is 23137 composite?
True
Is 4043 prime?
False
Is 39901 a composite number?
False
Is 409559 a composite number?
True
Is 371131 a composite number?
False
Is 899 composite?
True
Is 3274 composite?
True
Is 5223 a composite number?
True
Is 184441 composite?
False
Is 144113 a composite number?
True
Is 985562 a prime number?
False
Is 266153 composite?
False
Is 182297 a composite number?
False
Is 525409 a prime number?
True
Is 7753 composite?
False
Is 74791 a prime number?
False
Is 132137 prime?
True
Is 462397 composite?
True
Is 17539 prime?
True
Is 244003 a composite number?
False
Is 74549 prime?
False
Is 7123 a composite number?
True
Is 753991 a prime number?
False
Is 144881 prime?
False
Is 48349 prime?
False
Is 4771 composite?
True
Is 95809 prime?
False
Is 35821 prime?
False
Is 4049 prime?
True
Is 319303 composite?
True
Is 207433 prime?
True
Is 7663 a composite number?
True
Is 350869 composite?
False
Is 13747 a prime number?
False
Is 4939 a prime number?
False
Is 4349 a composite number?
False
Is 46454 prime?
False
Is 60577 a prime number?
False
Is 480167 prime?
True
Is 98179 a prime number?
True
Is 31829 prime?
False
Is 85 composite?
True
Is 1753 composite?
False
Is 2819 prime?
True
Is 4117181 a prime number?
True
Is 603685 a composite number?
True
Is 3554 a composite number?
True
Is 67829 a composite number?
False
Is 353 a prime number?
True
Is 2016123 composite?
True
Is 648689 prime?
True
Is 2226299 prime?
False
Is 6287 prime?
True
Is 413477 a composite number?
False
Is 279073 a prime number?
True
Is 160739 a prime number?
True
Is 27301 a composite number?
True
Is 21859 composite?
False
Is 962957 prime?
False
Is 578917 composite?
False
Is 475069 a prime number?
False
Is 27127 composite?
False
Is 39271 a composite number?
True
Is 408535 composite?
True
Is 15601 prime?
True
Is 1227 a prime number?
False
Is 845807 composite?
True
Is 499423 a composite number?
False
Is 8923 prime?
True
Is 162989 composite?
False
Is 527 a prime number?
False
Is 6389 a prime number?
True
Is 247177 composite?
True
Is 1562243 a composite number?
False
Is 1090019 prime?
False
Is 15727 a composite number?
False
Is 147579 a prime number?
False
Is 8076535 a composite number?
True
Is 661829 composite?
True
Is 48563 a prime number?
True
Is 1008947 a prime number?
True
Is 86969 a prime number?
True
Is 7411 a prime number?
True
Is 48311 a prime number?
True
Is 554347 a composite number?
False
Is 1403 a composite number?
True
Is 1736803 prime?
False
Is 13567 a composite number?
False
Is 138715 a composite number?
True
Is 19165 composite?
True
Is 411527 a prime number?
True
Is 97073 a composite number?
False
Is 75967 a composite number?
False
Is 3163 a composite number?
False
Is 102533 composite?
False
Is 7499 a prime number?
True
Is 46394 composite?
True
Is 24899 a composite number?
True
Is 19657 composite?
True
Is 109805 a composite number?
True
Is 6155 a prime number?
False
Is 1621 prime?
True
Is 7841 prime?
True
Is 831469 a prime number?
False
Is 67679 a composite number?
False
Is 52433 composite?
False
Is 53063 a prime number?
False
Is 738007 a prime number?
False
Is 310861 composite?
False
Is 11729 a prime number?
False
Is 242551 a composite number?
False
Is 295637 composite?
True
Is 5838749 a composite number?
True
Is 8419 a composite number?
False
Is 8563 prime?
True
Is 5583 a prime number?
False
Is 907 a composite number?
False
Is 291829 prime?
True
Is 57502 composite?
True
Is 440009 prime?
True
Is 133915 a composite number?
True
Is 95531 a prime number?
True
Is 91849 composite?
True
Is 73417 a prime number?
True
Is 42843 composite?
True
Is 6421 a prime number?
True
Is 1615139 a prime number?
True
Is 1816055 prime?
False
Is 127499 a prime number?
False
Is 338609 prime?
True
Is 221 a prime number?
False
Is 132817